hat is the thousands digit of 1795551?
5
What is the units digit of 248613?
3
What is the units digit of 117240?
0
What is the hundred thousands digit of 8467103?
4
What is the hundred thousands digit of 393253?
3
What is the ten thousands digit of 250681?
5
What is the thousands digit of 108967?
8
What is the tens digit of 1041877?
7
What is the ten thousands digit of 23955776?
5
What is the thousands digit of 2148151?
8
What is the hundred thousands digit of 497326?
4
What is the hundreds digit of 359008?
0
What is the hundreds digit of 1329681?
6
What is the tens digit of 1108805?
0
What is the units digit of 1359442?
2
What is the ten thousands digit of 192774?
9
What is the thousands digit of 5013138?
3
What is the hundred thousands digit of 373948?
3
What is the hundred thousands digit of 682739?
6
What is the thousands digit of 5044701?
4
What is the hundreds digit of 2737071?
0
What is the hundreds digit of 1622812?
8
What is the ten thousands digit of 9694354?
9
What is the units digit of 6701443?
3
What is the hundred thousands digit of 6934392?
9
What is the thousands digit of 99158?
9
What is the hundreds digit of 615807?
8
What is the units digit of 1649984?
4
What is the ten thousands digit of 9633215?
3
What is the hundred thousands digit of 2511318?
5
What is the ten thousands digit of 4498371?
9
What is the thousands digit of 858012?
8
What is the thousands digit of 151105?
1
What is the ten thousands digit of 460278?
6
What is the hundred thousands digit of 469824?
4
What is the hundreds digit of 420328?
3
What is the units digit of 232003?
3
What is the ten thousands digit of 320173?
2
What is the ten thousands digit of 379552?
7
What is the units digit of 33324934?
4
What is the units digit of 1245791?
1
What is the units digit of 9761?
1
What is the units digit of 254496?
6
What is the hundreds digit of 839727?
7
What is the units digit of 65145?
5
What is the tens digit of 25712954?
5
What is the hundreds digit of 5229235?
2
What is the thousands digit of 2187808?
7
What is the ten thousands digit of 3126704?
2
What is the tens digit of 106584?
8
What is the tens digit of 2634762?
6
What is the units digit of 15876724?
4
What is the hundred thousands digit of 14757914?
7
What is the tens digit of 236951?
5
What is the ten thousands digit of 4566729?
6
What is the thousands digit of 12160359?
0
What is the ten millions digit of 12757156?
1
What is the thousands digit of 1036616?
6
What is the thousands digit of 213760?
3
What is the hundred thousands digit of 128512?
1
What is the units digit of 355287?
7
What is the millions digit of 2866393?
2
What is the thousands digit of 431735?
1
What is the tens digit of 382375?
7
What is the hundreds digit of 13671673?
6
What is the ten millions digit of 11367212?
1
What is the units digit of 840817?
7
What is the units digit of 7996?
6
What is the tens digit of 5835408?
0
What is the units digit of 132169?
9
What is the units digit of 378010?
0
What is the thousands digit of 29500023?
0
What is the hundred thousands digit of 519886?
5
What is the thousands digit of 3183077?
3
What is the hundred thousands digit of 6562307?
5
What is the thousands digit of 5402183?
2
What is the thousands digit of 15861761?
1
What is the ten thousands digit of 556245?
5
What is the hundred thousands digit of 3552146?
5
What is the tens digit of 1582673?
7
What is the hundreds digit of 1575778?
7
What is the tens digit of 1206208?
0
What is the hundreds digit of 210845?
8
What is the ten thousands digit of 14135550?
3
What is the hundred thousands digit of 162116?
1
What is the tens digit of 1258973?
7
What is the tens digit of 997962?
6
What is the units digit of 75051?
1
What is the hundred thousands digit of 174211?
1
What is the tens digit of 314146?
4
What is the millions digit of 3491862?
3
What is the thousands digit of 976118?
6
What is the hundred thousands digit of 427177?
4
What is the ten thousands digit of 28837?
2
What is the units digit of 259139?
9
What is the ten thousands digit of 106777?
0
What is the thousands digit of 188059?
8
What is the ten thousands digit of 124340?
2
What is the ten thousands digit of 1627745?
2
What is the ten thousands digit of 335888?
3
What is the hundreds digit of 2473048?
0
What is the hundreds digit of 2715354?
3
What is the millions digit of 6247303?
6
What is the units digit of 105784?
4
What is the hundreds digit of 132668?
6
What is the ten thousands digit of 84823?
8
What is the tens digit of 196472?
7
What is the hundreds digit of 14175?
1
What is the ten thousands digit of 969757?
6
What is the thousands digit of 216212?
6
What is the units digit of 1483090?
0
What is the units digit of 383617?
7
What is the millions digit of 5216744?
5
What is the hundreds digit of 232100?
1
What is the hundreds digit of 6230619?
6
What is the ten thousands digit of 1901082?
0
What is the thousands digit of 493446?
3
What is the hundreds digit of 7915714?
7
What is the tens digit of 858358?
5
What is the hundreds digit of 5487691?
6
What is the ten thousands digit of 93340?
9
What is the hundreds digit of 24202?
2
What is the ten thousands digit of 2830530?
3
What is the millions digit of 1257721?
1
What is the ten thousands digit of 6502246?
0
What is the units digit of 8407989?
9
What is the hundreds digit of 17282907?
9
What is the millions digit of 25195160?
5
What is the tens digit of 79554?
5
What is the tens digit of 16027642?
4
What is the tens digit of 381008?
0
What is the tens digit of 100871?
7
What is the units digit of 322746?
6
What is the millions digit of 40971825?
0
What is the tens digit of 14715174?
7
What is the tens digit of 110701?
0
What is the units digit of 1303068?
8
What is the hundreds digit of 10819392?
3
What is the units digit of 26883300?
0
What is the tens digit of 264749?
4
What is the hundred thousands digit of 526186?
5
What is the tens digit of 2083035?
3
What is the hundred thousands digit of 3229226?
2
What is the ten thousands digit of 731953?
3
What is the tens digit of 6633154?
5
What is the hundreds digit of 403533?
5
What is the hundreds digit of 211875?
8
What is the thousands digit of 143527?
3
What is the hundreds digit of 5690243?
2
What is the hundreds digit of 2587331?
3
What is the hundreds digit of 10975531?
5
What is the hundreds digit of 46488?
4
What is the thousands digit of 6114966?
4
What is the tens digit of 87372?
7
What is the millions digit of 3807224?
3
What is the ten thousands digit of 560255?
6
What is the units digit of 842525?
5
What is the units digit of 1449239?
9
What is the units digit of 262666?
6
What is the units digit of 12411945?
5
What is the tens digit of 2351830?
3
What is the hundreds digit of 4993339?
3
What is the ten thousands digit of 609848?
0
What is the hundred thousands digit of 516027?
5
What is the tens digit of 556952?
5
What is the tens digit of 20369061?
6
What is the tens digit of 835903?
0
What is the tens digit of 6515987?
8
What is the millions digit of 3019894?
3
What is the hundreds digit of 48139?
1
What is the hundreds digit of 6959482?
4
What is the units digit of 463497?
7
What is the hundreds digit of 2848583?
5
What is the thousands digit of 478871?
8
What is the hundreds digit of 1011093?
0
What is the ten thousands digit of 216585?
1
What is the thousands digit of 200690?
0
What is the hundreds digit of 1007811?
8
What is the ten thousands digit of 244000?
4
What is the hundreds digit of 1381959?
9
What is the tens digit of 100391?
9
What is the tens digit of 3303431?
3
What is the tens digit of 104222?
2
What is the thousands digit of 6525419?
5
What is the millions digit of 34681070?
4
What is the thousands digit of 681729?
1
What is the units digit of 2590872?
2
What is the thousands digit of 604675?
4
What is the tens digit of 403435?
3
What is the hundred thousands digit of 10832569?
8
What is the hundred thousands digit of 2464744?
4
What is the tens digit of 504805?
0
What is the ten millions digit of 28068526?
2
What is the hundred thousands digit of 1257037?
2
What is the thousands digit of 599370?
9
What is the units digit of 2753178?
8
What is the units digit of 1728892?
2
What is the millions digit of 8498813?
8
What is the thousands d